{"id":13,"date":"2024-10-14T23:41:41","date_gmt":"2024-10-15T02:41:41","guid":{"rendered":"https:\/\/arco-iris.org.br\/paradario\/?page_id=13"},"modified":"2025-09-01T20:01:14","modified_gmt":"2025-09-01T23:01:14","slug":"sobre","status":"publish","type":"page","link":"https:\/\/arco-iris.org.br\/paradario\/sobre\/","title":{"rendered":"Sobre"},"content":{"rendered":"\t\t<div data-elementor-type=\"wp-page\" data-elementor-id=\"13\" class=\"elementor elementor-13\" data-elementor-post-type=\"page\">\n\t\t\t\t\t\t<section class=\"elementor-section elementor-top-section elementor-element elementor-element-0a8cbf0 elementor-section-boxed elementor-section-height-default elementor-section-height-default\" data-id=\"0a8cbf0\" data-element_type=\"section\" data-settings=\"{&quot;background_background&quot;:&quot;classic&quot;}\">\n\t\t\t\t\t\t\t<div class=\"elementor-background-overlay\"><\/div>\n\t\t\t\t\t\t\t<div class=\"elementor-container elementor-column-gap-default\">\n\t\t\t\t\t<div class=\"elementor-column elementor-col-100 elementor-top-column elementor-element elementor-element-8bbd4b3\" data-id=\"8bbd4b3\" data-element_type=\"column\" data-settings=\"{&quot;background_background&quot;:&quot;classic&quot;}\">\n\t\t\t<div class=\"elementor-widget-wrap elementor-element-populated\">\n\t\t\t\t\t\t<div class=\"elementor-element elementor-element-3563a96 elementor-widget elementor-widget-text-editor\" data-id=\"3563a96\" data-element_type=\"widget\" data-widget_type=\"text-editor.default\">\n\t\t\t\t<div class=\"elementor-widget-container\">\n\t\t\t\t\t\t\t\t\t<p>30 anos fazendo hist\u00f3ria: das primeiras lutas pelo direito<\/p><p>de existir \u00e0 constru\u00e7\u00e3o de futuros sustent\u00e1veis<\/p>\t\t\t\t\t\t\t\t<\/div>\n\t\t\t\t<\/div>\n\t\t\t\t<div class=\"elementor-element elementor-element-308db31 elementor-widget elementor-widget-heading\" data-id=\"308db31\" data-element_type=\"widget\" data-widget_type=\"heading.default\">\n\t\t\t\t<div class=\"elementor-widget-container\">\n\t\t\t\t\t<h2 class=\"elementor-heading-title elementor-size-default\">Parada do Orgulho LGBTI+ Rio<\/h2>\t\t\t\t<\/div>\n\t\t\t\t<\/div>\n\t\t\t\t\t<\/div>\n\t\t<\/div>\n\t\t\t\t\t<\/div>\n\t\t<\/section>\n\t\t<div class=\"elementor-element elementor-element-ca49e29 envato-kit-141-top-0 e-flex e-con-boxed e-con e-parent\" data-id=\"ca49e29\" data-element_type=\"container\" data-settings=\"{&quot;background_background&quot;:&quot;classic&quot;}\">\n\t\t\t\t\t<div class=\"e-con-inner\">\n\t\t\t\t<div class=\"elementor-element elementor-element-2721bd6 elementor-invisible elementor-widget elementor-widget-heading\" data-id=\"2721bd6\" data-element_type=\"widget\" data-settings=\"{&quot;_animation&quot;:&quot;fadeIn&quot;,&quot;_animation_delay&quot;:100}\" data-widget_type=\"heading.default\">\n\t\t\t\t<div class=\"elementor-widget-container\">\n\t\t\t\t\t<h2 class=\"elementor-heading-title elementor-size-default\">Parada do Orgulho LGBTI+ Rio<\/h2>\t\t\t\t<\/div>\n\t\t\t\t<\/div>\n\t\t\t\t<div class=\"elementor-element elementor-element-66c947b elementor-widget__width-inherit elementor-widget elementor-widget-text-editor\" data-id=\"66c947b\" data-element_type=\"widget\" data-widget_type=\"text-editor.default\">\n\t\t\t\t<div class=\"elementor-widget-container\">\n\t\t\t\t\t\t\t\t\t<p><span style=\"font-weight: 400;\">A Parada do Orgulho LGBTI+ do Rio de Janeiro \u00e9 um marco de resist\u00eancia e visibilidade, nascida da uni\u00e3o e esfor\u00e7o cont\u00ednuo de pessoas LGBTI+, ativistas e aliados que acreditam na constru\u00e7\u00e3o de uma sociedade justa e sem discrimina\u00e7\u00e3o. Desde a primeira mobiliza\u00e7\u00e3o em 1995, quando se tornou a primeira Parada do Brasil, o evento ocupa a famosa orla de Copacabana, reunindo centenas de milhares de pessoas para celebrar e reivindicar direitos fundamentais. Hoje, a Parada \u00e9 considerada o terceiro maior evento da cidade e representa uma cultura de paz e vanguarda.<\/span><\/p><p><span style=\"font-weight: 400;\">Esse momento anual de mobiliza\u00e7\u00e3o e visibilidade reflete a for\u00e7a hist\u00f3rica de grupos organizados que, ao longo dos anos, v\u00eam ocupando diferentes espa\u00e7os urbanos em prol da igualdade de direitos. Para o movimento LGBTI+, a Parada simboliza um espa\u00e7o de celebra\u00e7\u00e3o, mas, principalmente, de luta pelos direitos civis e sociais, al\u00e9m de incluir pautas essenciais para os direitos humanos, como o combate \u00e0 viol\u00eancia e \u00e0 discrimina\u00e7\u00e3o.<\/span><\/p><p><span style=\"font-weight: 400;\">Com realiza\u00e7\u00e3o do Grupo Arco-\u00cdris de Cidadania LGBTI+, organiza\u00e7\u00e3o que h\u00e1 32 anos atua em defesa e promo\u00e7\u00e3o dos direitos LGBTI+, a Parada \u00e9 uma express\u00e3o do compromisso de lutar por justi\u00e7a social e pol\u00edticas de inclus\u00e3o.<\/span><\/p><p><span style=\"font-weight: 400;\">Fundado em maio de 1993, o Grupo Arco-\u00cdris de Cidadania LGBTI+ \u00e9 uma organiza\u00e7\u00e3o n\u00e3o governamental (ONG) com sede na cidade do Rio de Janeiro. A organiza\u00e7\u00e3o desenvolve projetos em \u00e1reas como sa\u00fade, cultura, educa\u00e7\u00e3o, defesa e promo\u00e7\u00e3o de direitos, esporte e lazer, moda e sustentabilidade, trabalho e renda e empoderamento LGBTI+. Outros destaques s\u00e3o as a\u00e7\u00f5es de preven\u00e7\u00e3o de Infec\u00e7\u00f5es Sexualmente Transmiss\u00edveis (IST), HIV\/Aids e Hepatites Virais desenvolvidas h\u00e1 d\u00e9cadas.<\/span><\/p>\t\t\t\t\t\t\t\t<\/div>\n\t\t\t\t<\/div>\n\t\t\t\t\t<\/div>\n\t\t\t\t<\/div>\n\t\t\t\t<\/div>\n\t\t","protected":false},"excerpt":{"rendered":"<p>30 anos fazendo hist\u00f3ria: das primeiras lutas pelo direito de existir \u00e0 constru\u00e7\u00e3o de futuros sustent\u00e1veis Parada do Orgulho LGBTI+ Rio Parada do Orgulho LGBTI+ Rio A Parada do Orgulho LGBTI+ do Rio de Janeiro \u00e9 um marco de resist\u00eancia e visibilidade, nascida da uni\u00e3o e esfor\u00e7o cont\u00ednuo de pessoas LGBTI+, ativistas e aliados que [&hellip;]<\/p>\n","protected":false},"author":1,"featured_media":0,"parent":0,"menu_order":0,"comment_status":"closed","ping_status":"closed","template":"elementor_header_footer","meta":{"footnotes":""},"class_list":["post-13","page","type-page","status-publish","hentry"],"yoast_head":"<!-- This site is optimized with the Yoast SEO plugin v26.2 - https:\/\/yoast.com\/wordpress\/plugins\/seo\/ -->\n<title>Sobre - Parada do Orgulho LGBTI+<\/title>\n<meta name=\"robots\" content=\"index, follow, max-snippet:-1, max-image-preview:large, max-video-preview:-1\" \/>\n<link rel=\"canonical\" href=\"https:\/\/arco-iris.org.br\/paradario\/sobre\/\" \/>\n<meta property=\"og:locale\" content=\"pt_BR\" \/>\n<meta property=\"og:type\" content=\"article\" \/>\n<meta property=\"og:title\" content=\"Sobre - Parada do Orgulho LGBTI+\" \/>\n<meta property=\"og:description\" content=\"30 anos fazendo hist\u00f3ria: das primeiras lutas pelo direito de existir \u00e0 constru\u00e7\u00e3o de futuros sustent\u00e1veis Parada do Orgulho LGBTI+ Rio Parada do Orgulho LGBTI+ Rio A Parada do Orgulho LGBTI+ do Rio de Janeiro \u00e9 um marco de resist\u00eancia e visibilidade, nascida da uni\u00e3o e esfor\u00e7o cont\u00ednuo de pessoas LGBTI+, ativistas e aliados que [&hellip;]\" \/>\n<meta property=\"og:url\" content=\"https:\/\/arco-iris.org.br\/paradario\/sobre\/\" \/>\n<meta property=\"og:site_name\" content=\"Parada do Orgulho LGBTI+\" \/>\n<meta property=\"article:publisher\" content=\"https:\/\/www.facebook.com\/grupoarcoiris.perfilii\/\" \/>\n<meta property=\"article:modified_time\" content=\"2025-09-01T23:01:14+00:00\" \/>\n<meta name=\"twitter:card\" content=\"summary_large_image\" \/>\n<meta name=\"twitter:label1\" content=\"Est. tempo de leitura\" \/>\n\t<meta name=\"twitter:data1\" content=\"2 minutos\" \/>\n<script type=\"application\/ld+json\" class=\"yoast-schema-graph\">{\"@context\":\"https:\/\/schema.org\",\"@graph\":[{\"@type\":\"WebPage\",\"@id\":\"https:\/\/arco-iris.org.br\/paradario\/sobre\/\",\"url\":\"https:\/\/arco-iris.org.br\/paradario\/sobre\/\",\"name\":\"Sobre - Parada do Orgulho LGBTI+\",\"isPartOf\":{\"@id\":\"https:\/\/arco-iris.org.br\/paradario\/#website\"},\"datePublished\":\"2024-10-15T02:41:41+00:00\",\"dateModified\":\"2025-09-01T23:01:14+00:00\",\"breadcrumb\":{\"@id\":\"https:\/\/arco-iris.org.br\/paradario\/sobre\/#breadcrumb\"},\"inLanguage\":\"pt-BR\",\"potentialAction\":[{\"@type\":\"ReadAction\",\"target\":[\"https:\/\/arco-iris.org.br\/paradario\/sobre\/\"]}]},{\"@type\":\"BreadcrumbList\",\"@id\":\"https:\/\/arco-iris.org.br\/paradario\/sobre\/#breadcrumb\",\"itemListElement\":[{\"@type\":\"ListItem\",\"position\":1,\"name\":\"In\u00edcio\",\"item\":\"https:\/\/arco-iris.org.br\/paradario\/\"},{\"@type\":\"ListItem\",\"position\":2,\"name\":\"Sobre\"}]},{\"@type\":\"WebSite\",\"@id\":\"https:\/\/arco-iris.org.br\/paradario\/#website\",\"url\":\"https:\/\/arco-iris.org.br\/paradario\/\",\"name\":\"Parada do Orgulho LBTI+ Rio\",\"description\":\"\",\"publisher\":{\"@id\":\"https:\/\/arco-iris.org.br\/paradario\/#organization\"},\"potentialAction\":[{\"@type\":\"SearchAction\",\"target\":{\"@type\":\"EntryPoint\",\"urlTemplate\":\"https:\/\/arco-iris.org.br\/paradario\/?s={search_term_string}\"},\"query-input\":{\"@type\":\"PropertyValueSpecification\",\"valueRequired\":true,\"valueName\":\"search_term_string\"}}],\"inLanguage\":\"pt-BR\"},{\"@type\":\"Organization\",\"@id\":\"https:\/\/arco-iris.org.br\/paradario\/#organization\",\"name\":\"Parada do Orgulho LBTI+ Rio\",\"url\":\"https:\/\/arco-iris.org.br\/paradario\/\",\"logo\":{\"@type\":\"ImageObject\",\"inLanguage\":\"pt-BR\",\"@id\":\"https:\/\/arco-iris.org.br\/paradario\/#\/schema\/logo\/image\/\",\"url\":\"https:\/\/arco-iris.org.br\/paradario\/wp-content\/uploads\/2024\/11\/Imagem-do-WhatsApp-de-2024-11-04-as-09.16.02_d50c7f73.jpg\",\"contentUrl\":\"https:\/\/arco-iris.org.br\/paradario\/wp-content\/uploads\/2024\/11\/Imagem-do-WhatsApp-de-2024-11-04-as-09.16.02_d50c7f73.jpg\",\"width\":1200,\"height\":1500,\"caption\":\"Parada do Orgulho LBTI+ Rio\"},\"image\":{\"@id\":\"https:\/\/arco-iris.org.br\/paradario\/#\/schema\/logo\/image\/\"},\"sameAs\":[\"https:\/\/www.facebook.com\/grupoarcoiris.perfilii\/\",\"https:\/\/www.instagram.com\/paradalgbtirio\"]}]}<\/script>\n<!-- \/ Yoast SEO plugin. -->","yoast_head_json":{"title":"Sobre - Parada do Orgulho LGBTI+","robots":{"index":"index","follow":"follow","max-snippet":"max-snippet:-1","max-image-preview":"max-image-preview:large","max-video-preview":"max-video-preview:-1"},"canonical":"https:\/\/arco-iris.org.br\/paradario\/sobre\/","og_locale":"pt_BR","og_type":"article","og_title":"Sobre - Parada do Orgulho LGBTI+","og_description":"30 anos fazendo hist\u00f3ria: das primeiras lutas pelo direito de existir \u00e0 constru\u00e7\u00e3o de futuros sustent\u00e1veis Parada do Orgulho LGBTI+ Rio Parada do Orgulho LGBTI+ Rio A Parada do Orgulho LGBTI+ do Rio de Janeiro \u00e9 um marco de resist\u00eancia e visibilidade, nascida da uni\u00e3o e esfor\u00e7o cont\u00ednuo de pessoas LGBTI+, ativistas e aliados que [&hellip;]","og_url":"https:\/\/arco-iris.org.br\/paradario\/sobre\/","og_site_name":"Parada do Orgulho LGBTI+","article_publisher":"https:\/\/www.facebook.com\/grupoarcoiris.perfilii\/","article_modified_time":"2025-09-01T23:01:14+00:00","twitter_card":"summary_large_image","twitter_misc":{"Est. tempo de leitura":"2 minutos"},"schema":{"@context":"https:\/\/schema.org","@graph":[{"@type":"WebPage","@id":"https:\/\/arco-iris.org.br\/paradario\/sobre\/","url":"https:\/\/arco-iris.org.br\/paradario\/sobre\/","name":"Sobre - Parada do Orgulho LGBTI+","isPartOf":{"@id":"https:\/\/arco-iris.org.br\/paradario\/#website"},"datePublished":"2024-10-15T02:41:41+00:00","dateModified":"2025-09-01T23:01:14+00:00","breadcrumb":{"@id":"https:\/\/arco-iris.org.br\/paradario\/sobre\/#breadcrumb"},"inLanguage":"pt-BR","potentialAction":[{"@type":"ReadAction","target":["https:\/\/arco-iris.org.br\/paradario\/sobre\/"]}]},{"@type":"BreadcrumbList","@id":"https:\/\/arco-iris.org.br\/paradario\/sobre\/#breadcrumb","itemListElement":[{"@type":"ListItem","position":1,"name":"In\u00edcio","item":"https:\/\/arco-iris.org.br\/paradario\/"},{"@type":"ListItem","position":2,"name":"Sobre"}]},{"@type":"WebSite","@id":"https:\/\/arco-iris.org.br\/paradario\/#website","url":"https:\/\/arco-iris.org.br\/paradario\/","name":"Parada do Orgulho LBTI+ Rio","description":"","publisher":{"@id":"https:\/\/arco-iris.org.br\/paradario\/#organization"},"potentialAction":[{"@type":"SearchAction","target":{"@type":"EntryPoint","urlTemplate":"https:\/\/arco-iris.org.br\/paradario\/?s={search_term_string}"},"query-input":{"@type":"PropertyValueSpecification","valueRequired":true,"valueName":"search_term_string"}}],"inLanguage":"pt-BR"},{"@type":"Organization","@id":"https:\/\/arco-iris.org.br\/paradario\/#organization","name":"Parada do Orgulho LBTI+ Rio","url":"https:\/\/arco-iris.org.br\/paradario\/","logo":{"@type":"ImageObject","inLanguage":"pt-BR","@id":"https:\/\/arco-iris.org.br\/paradario\/#\/schema\/logo\/image\/","url":"https:\/\/arco-iris.org.br\/paradario\/wp-content\/uploads\/2024\/11\/Imagem-do-WhatsApp-de-2024-11-04-as-09.16.02_d50c7f73.jpg","contentUrl":"https:\/\/arco-iris.org.br\/paradario\/wp-content\/uploads\/2024\/11\/Imagem-do-WhatsApp-de-2024-11-04-as-09.16.02_d50c7f73.jpg","width":1200,"height":1500,"caption":"Parada do Orgulho LBTI+ Rio"},"image":{"@id":"https:\/\/arco-iris.org.br\/paradario\/#\/schema\/logo\/image\/"},"sameAs":["https:\/\/www.facebook.com\/grupoarcoiris.perfilii\/","https:\/\/www.instagram.com\/paradalgbtirio"]}]}},"_links":{"self":[{"href":"https:\/\/arco-iris.org.br\/paradario\/wp-json\/wp\/v2\/pages\/13","targetHints":{"allow":["GET"]}}],"collection":[{"href":"https:\/\/arco-iris.org.br\/paradario\/wp-json\/wp\/v2\/pages"}],"about":[{"href":"https:\/\/arco-iris.org.br\/paradario\/wp-json\/wp\/v2\/types\/page"}],"author":[{"embeddable":true,"href":"https:\/\/arco-iris.org.br\/paradario\/wp-json\/wp\/v2\/users\/1"}],"replies":[{"embeddable":true,"href":"https:\/\/arco-iris.org.br\/paradario\/wp-json\/wp\/v2\/comments?post=13"}],"version-history":[{"count":154,"href":"https:\/\/arco-iris.org.br\/paradario\/wp-json\/wp\/v2\/pages\/13\/revisions"}],"predecessor-version":[{"id":2095,"href":"https:\/\/arco-iris.org.br\/paradario\/wp-json\/wp\/v2\/pages\/13\/revisions\/2095"}],"wp:attachment":[{"href":"https:\/\/arco-iris.org.br\/paradario\/wp-json\/wp\/v2\/media?parent=13"}],"curies":[{"name":"wp","href":"https:\/\/api.w.org\/{rel}","templated":true}]}}